{"id":14,"date":"2011-01-08T13:07:20","date_gmt":"2011-01-08T13:07:20","guid":{"rendered":"http:\/\/www.frohsinn.com\/cms\/?page_id=14"},"modified":"2026-03-09T20:39:50","modified_gmt":"2026-03-09T19:39:50","slug":"verein","status":"publish","type":"page","link":"https:\/\/frohsinn.com\/cms\/?page_id=14","title":{"rendered":"Besetzung"},"content":{"rendered":"\n<h4 class=\"wp-block-heading\"><span style=\"font-size: 1em; line-height: 1.5em;\">Principal Cornet<\/span><\/h4>\n\n\n\n<p>Dagmar Schaad<\/p>\n\n\n\n<h4 class=\"wp-block-heading\"><span style=\"font-size: 1em; line-height: 1.5em;\"> Solo Cornet<\/span><\/h4>\n\n\n\n<p>Sibyll Brunner<br>Luca Str\u00e4hl<\/p>\n\n\n\n<h4 class=\"wp-block-heading\"><span style=\"font-size: 1em; line-height: 1.5em;\">Soprano Cornet<\/span><\/h4>\n\n\n\n<p>Vakant<\/p>\n\n\n\n<h4 class=\"wp-block-heading\">Repiano Cornet<\/h4>\n\n\n\n<p>Urban Schaad<\/p>\n\n\n\n<h4 class=\"wp-block-heading\">2. \/ 3. Cornet<\/h4>\n\n\n\n<p>Karin Saner <br>Jael Schaad<br>Valentina Probst<br>Marianne Kamber<br>Lea Frei<br>Jana Roth<br>S\u00e9verine Hurni<br>Sandra Fl\u00fcck<\/p>\n\n\n\n<h4 class=\"wp-block-heading\">Fl\u00fcgelhorn<\/h4>\n\n\n\n<p>Vakant<\/p>\n\n\n\n<h4 class=\"wp-block-heading\">Es Horn<\/h4>\n\n\n\n<p>Roland Kamber<br>Jules Probst<br>Heinz Bieli<\/p>\n\n\n\n<h4 class=\"wp-block-heading\">Euphonium<\/h4>\n\n\n\n<p>Andreas Kamber<br>Dominic Str\u00e4hl<\/p>\n\n\n\n<h4 class=\"wp-block-heading\">Bariton<\/h4>\n\n\n\n<p>Daniel Fl\u00fcck<br>Patrick Meister<\/p>\n\n\n\n<h4 class=\"wp-block-heading\">Posaune<\/h4>\n\n\n\n<p>Anton Brunner<br>Peter Frei<\/p>\n\n\n\n<h4 class=\"wp-block-heading\">Bass Posaune<\/h4>\n\n\n\n<p>Vakant<\/p>\n\n\n\n<h4 class=\"wp-block-heading\">Tuba<\/h4>\n\n\n\n<p>Martin B\u00fcttler<br>Michael Brunner<br>Silvan Schaad<\/p>\n\n\n\n<h4 class=\"wp-block-heading\">Percussion<\/h4>\n\n\n\n<p>Marco Schaad<\/p>\n\n\n\n<h4 class=\"wp-block-heading\">Fahnentr\u00e4ger<\/h4>\n\n\n\n<p>Toni R\u00fcegg<\/p>\n","protected":false},"excerpt":{"rendered":"<p>Principal Cornet Dagmar Schaad Solo Cornet Sibyll BrunnerLuca Str\u00e4hl Soprano Cornet Vakant Repiano Cornet Urban Schaad 2. \/ 3. Cornet Karin Saner Jael SchaadValentina ProbstMarianne KamberLea FreiJana RothS\u00e9verine HurniSandra Fl\u00fcck Fl\u00fcgelhorn Vakant Es Horn Roland KamberJules ProbstHeinz Bieli Euphonium Andreas KamberDominic Str\u00e4hl Bariton Daniel Fl\u00fcckPatrick Meister Posaune Anton BrunnerPeter Frei Bass Posaune Vakant Tuba Martin &hellip; <\/p>\n<p class=\"link-more\"><a href=\"https:\/\/frohsinn.com\/cms\/?page_id=14\" class=\"more-link\"><span class=\"screen-reader-text\">\u201eBesetzung\u201c <\/span>weiterlesen<\/a><\/p>\n","protected":false},"author":5,"featured_media":0,"parent":0,"menu_order":3,"comment_status":"closed","ping_status":"closed","template":"","meta":{"ngg_post_thumbnail":0,"jetpack_post_was_ever_published":false,"footnotes":""},"class_list":["post-14","page","type-page","status-publish","hentry"],"jetpack_shortlink":"https:\/\/wp.me\/P1t2Ta-e","jetpack_sharing_enabled":true,"_links":{"self":[{"href":"https:\/\/frohsinn.com\/cms\/index.php?rest_route=\/wp\/v2\/pages\/14","targetHints":{"allow":["GET"]}}],"collection":[{"href":"https:\/\/frohsinn.com\/cms\/index.php?rest_route=\/wp\/v2\/pages"}],"about":[{"href":"https:\/\/frohsinn.com\/cms\/index.php?rest_route=\/wp\/v2\/types\/page"}],"author":[{"embeddable":true,"href":"https:\/\/frohsinn.com\/cms\/index.php?rest_route=\/wp\/v2\/users\/5"}],"replies":[{"embeddable":true,"href":"https:\/\/frohsinn.com\/cms\/index.php?rest_route=%2Fwp%2Fv2%2Fcomments&post=14"}],"version-history":[{"count":70,"href":"https:\/\/frohsinn.com\/cms\/index.php?rest_route=\/wp\/v2\/pages\/14\/revisions"}],"predecessor-version":[{"id":14893,"href":"https:\/\/frohsinn.com\/cms\/index.php?rest_route=\/wp\/v2\/pages\/14\/revisions\/14893"}],"wp:attachment":[{"href":"https:\/\/frohsinn.com\/cms\/index.php?rest_route=%2Fwp%2Fv2%2Fmedia&parent=14"}],"curies":[{"name":"wp","href":"https:\/\/api.w.org\/{rel}","templated":true}]}}